6 = h - 0. Suppose -q + 5*v = -0*v - 40, -50 = -5*q - 5*v. Let o be (q - 0)*30/50. What is the highest common divisor of o and h?
9
Suppose 34 = -10*b + 54. Let z(w) = w - 4. Let o be z(7). Suppose r = 3*c - 38, 0 = -o*c + b*r + 43. What is the highest common divisor of c and 1?
1
Let f be (-38)/((-176)/(-20) - 9). What is the highest common factor of f and 20?
10
Suppose 3*h - f = 2337 - 737, 552 = h - 5*f. What is the highest common divisor of h and 140?
28
Let k(p) = -p**3 + 15*p**2 - 9*p - 10. Let o = -13 - -27. Let y be k(o). Let a = 22 + -2. Calculate the highest common divisor of a and y.
20
Suppose q = 5*n - 187, -3*q = 3*n - 4*q - 111. Calculate the greatest common factor of 380 and n.
38
Suppose -107 - 103 = -2*u - 5*q, 4*u - 5*q - 420 = 0. Calculate the highest common divisor of u and 140.
35
Suppose -20 - 100 = -10*y. Calculate the highest common divisor of y and 6.
6
Let a = 3 + 6. What is the greatest common factor of 576 and a?
9
Let y(n) be the first derivative of n**3/3 + 17*n**2/2 + 34*n - 16. Let p be y(-16). Calculate the highest common factor of p and 27.
9
Let w = -23 + 30. Let a be -9 + w + 1/1. Let m be (-624)/(-8) - (-4)/a. Calculate the greatest common factor of 185 and m.
37
Suppose 5 = 5*j - 10. Suppose -3*i - j*a + 36 = 0, -4*i = i + a - 72. What is the greatest common factor of i and 6?
3
Let g = 768 + -711. What is the greatest common divisor of g and 95?
19
Let p = 452 + -407. Calculate the highest common factor of 480 and p.
15
Let l(q) = 0*q + 7*q + 2*q**2 + 6 + 0. Let k be l(-4). Calculate the highest common divisor of k and 25.
5
Suppose 0 = 3*w - 57 - 3. Calculate the greatest common divisor of 90 and w.
10
Suppose 31*y = 6*y + 16625. Calculate the greatest common divisor of y and 19.
19
Let a be (0 + -1 + 0)/(2/(-44)). Let q be (a/(-4))/(1/(-2)). Calculate the highest common factor of q and 55.
11
Let f(r) = 2*r**2 - r - 6 - 2*r + 2*r - 5*r. Let h = -10 + 15. Let p be f(h). What is the highest common factor of p and 28?
14
Let m(p) = -p**3 + 57*p**2 + 62*p - 126. Let d be m(58). Calculate the greatest common divisor of d and 2.
2
Suppose 5*o - 5*l - 80 = 0, l - 54 - 15 = -4*o. What is the highest common factor of o and 1411?
17
Suppose 31 = -4*n - 13. Let x = -11 - n. Suppose 2*s + 9 - 23 = x. Calculate the greatest common divisor of 49 and s.
7
Suppose -v + 10*l - 15*l = -220, -3*v = l - 702. Calculate the greatest common factor of 10 and v.
5
Suppose 13*l + 5 = 14*l. Suppose 0 = 3*g - 7*x + l*x - 118, -4*x - 164 = -4*g. Calculate the highest common factor of 18 and g.
18
Suppose -5*o - 4*q - 104 = 0, 0*q = 5*o - 2*q + 98. Let s = o - -28. Let k be (7 - -4) + -4 + 1. What is the greatest common divisor of k and s?
8
Let o(k) = -k**3 + 5*k**2 + 2*k - 6. Let i be o(4). Let t = -82 - -82. Let c be -12*(t + (-1 - (0 - -11))). What is the greatest common factor of c and i?
18
Suppose 167 = 3*v - 268. What is the greatest common divisor of 116 and v?
29
Let k be 2/5 + 148/5. Let q(y) = y**2 - 13*y. Let n be q(13). Suppose 26 - 146 = -3*w - 5*x, -w + 3*x + 54 = n. What is the highest common factor of k and w?
15
Let w(u) = 6*u**2 - 10*u. Let f be w(4). Calculate the highest common factor of f and 196.
28
Suppose 4*z = -24*v + 25*v + 40, 5*v + 8 = 4*z. Let a be 2/((-3)/((-15)/2)). Let l be 56/10 - (-2)/a. What is the highest common factor of l and z?
6
Let c = -315 - -335. Calculate the greatest common factor of c and 1220.
20
Let a(m) = -5*m + 111. Let q be a(22). Suppose -f - 6 = -4*h, 3*h = f + 9 - 4. What is the greatest common divisor of q and h?
1
Let q be (-1437)/(-9) - 1/(-3). Let f(l) = -14*l. Let a be f(-8). Let m = q - a. Calculate the highest common divisor of 6 and m.
6
Let f = -44 + 58. Suppose -f*a + 18*a = 84. Calculate the highest common divisor of 189 and a.
21
Let k be ((-27)/(-2))/(6*(-1)/(-36)). Let d = k + -54. What is the highest common divisor of d and 297?
27
Let z(q) = 98*q**2 + q - 5. Let m be z(-2). Suppose -2*f = s - f + 3, -15 = 2*s + 5*f. Suppose 8*w - 3*w - m = s. What is the highest common factor of w and 11?
11
Let p = 100 - 92. Suppose 0 = 3*c + 12, 6*q = p*q - c - 202. Let y(t) = t**2 + t - 3. Let i be y(-4). What is the greatest common factor of i and q?
9
Suppose -2*c - 2 = 16. Let f be -3 - -2*(-447)/(-6). Let t be f/8 - c/12. What is the greatest common factor of t and 152?
19
Suppose 0*z - n - 7 = 2*z, -4*z - 16 = 4*n. Let r(g) = -34*g - 14. Let f be r(z). Calculate the greatest common divisor of 44 and f.
44
Let m(g) = 24*g**2. Let z be m(-1). Suppose -5*r = -3*l - 77, 2*l - 66 = -r - 3*r. Calculate the highest common factor of z and r.
8
Let q(d) = -98*d - 4 + 105*d - 8*d. Suppose -c + 23 = -5*r - 2*c, 2*r + 4*c = -2. Let w be q(r). Calculate the greatest common factor of w and 5.
1
Suppose -191 = -4*z + 2709. What is the greatest common divisor of z and 29?
29
Let u = 347 + -314. Calculate the highest common factor of u and 627.
33
Suppose -4*v - 184 = -5*v. Let c be -4 - v/(-2)*1. What is the highest common divisor of 22 and c?
22
Let d be 3 + 1/(-1) - (-34 - 0). Let u be (-2)/(-8) + (-215)/(-20). Let t = 15 - u. What is the highest common divisor of d and t?
4
Suppose -14*u = -399 - 791. What is the highest common factor of 272 and u?
17
Let a(q) = 2*q - 7 - 4*q**2 + 5*q**2 + 2*q. Let h be a(-6). Let y = 65 + -20. What is the highest common factor of h and y?
5
Suppose 0 = -2*k - 3*f + 6, 2*k - 5*f = 31 - 9. What is the greatest common factor of 21 and k?
3
Suppose -4 = -2*a + 34. Let w = 5 + -4. Let i(m) = 208*m**3 + 2*m**2 - 2*m + 1. Let v be i(w). Calculate the greatest common factor of a and v.
19
Suppose -8*x + 3217 = 825. Calculate the highest common divisor of x and 26.
13
Suppose -2*c + 98 = -12. Suppose 0 = -3*m - 3*p + c + 41, 0 = p + 1. Let l = -20 + m. What is the greatest common factor of 143 and l?
13
Let k be ((-168)/(-15))/((-2)/(-20)). Suppose -1147*g = -1172*g + 350. Calculate the highest common factor of k and g.
14
Let p = 265 + -261. What is the highest common divisor of p and 260?
4
Suppose -a + 16 = 1. Suppose -57 = -6*j + a. What is the highest common factor of j and 36?
12
Let o be 1 - (-98 - -5) - 4. What is the greatest common divisor of 20 and o?
10
Let n(z) = -z**2 + 28*z + 238. Let w be n(-6). Calculate the greatest common factor of w and 748.
34
Suppose -4287 = -22*b + 2049. Calculate the greatest common divisor of b and 36.
36
Let h = 41 - -51. What is the greatest common factor of h and 69?
23
Let f = 558 - 530. What is the greatest common divisor of 35 and f?
7
Let c be 10 + ((-1)/(-1) - 1). Let s = c - -26. Let o = 362 + -358. What is the greatest common divisor of s and o?
4
Suppose 1006 - 9234 = -17*d. What is the highest common divisor of 44 and d?
44
Suppose -m = -6*m + 165. Suppose 5*a - 6 = 4. Suppose 9*t = a*t + 154. Calculate the greatest common factor of t and m.
11
Let g = 402 + -375. What is the greatest common divisor of g and 63?
9
Let g be 35/(-3) - (-6)/(-18). Let q(f) = -f**3 - 11*f**2 + 9*f - 14. Let i be q(g). What is the greatest common factor of i and 2?
2
Let c(j) = -j**3 + 14*j**2 + 17*j - 16. Let a be c(15). Calculate the greatest common divisor of 154 and a.
14
Let h be 477/5 - 9/45*2. Let l(i) = -21*i - 2. Let c be l(-1). Calculate the highest common factor of c and h.
19
Suppose 0 = b - 169 - 40. Let g(k) = 3*k**3 - 5. Let n be g(2). What is the greatest common factor of n and b?
19
Suppose -2*x = -3*z - 3636, -3*x + 1704 = -5*z - 3748. What is the highest common divisor of 16 and x?
16
Suppose -6 = -2*h + 2*j, 5*h - 33*j = -32*j + 23. Calculate the highest common divisor of 35 and h.
5
Let v = 132 - 57. Calculate the highest common divisor of v and 45.
15
Let z = 37 + -34. Suppose 4*a - 16 = 3*l, -z*a - 2*l = -5*l - 15. Let u = 22 + -15. Calculate the greatest common factor of u and a.
1
Let i(t) = 3*t**2 + 6*t - 12. Let v be i(-4). Calculate the greatest common factor of 20 and v.
4
Let r(h) = 4*h + 555. Let u be r(0). What is the greatest common factor of u and 15?
15
Let f(l) = -l + 8. Let h be f(8). Suppose -2*c = c + 3*i - 342, 5*c + i - 582 = h. Suppose 11*g = -12*g + 299. What is the greatest common factor of g and c?
13
Let j(i) = 47*i**3 - i**2 + i - 2. Let l be j(1). Calculate the highest com